000011101000011111 (base 2) to base 9
-31126235
What is -142042431 (base 5) in base 13?
-1ca74b
Convert 2841af (base 16) to base 15.
371a8a
Convert 110400031 (base 6) to base 8.
7460023
-6ec4 (base 16) to base 7
-145446
What is 1242a82 (base 12) in base 7?
42233534
Convert -112a15 (base 11) to base 15.
-38320
Convert 50c16 (base 15) to base 5.
31141341
-344845 (base 9) to base 11
-131579
-31631455 (base 7) to base 6
-133445354
What is 1b0715 (base 12) in base 9?
807558
What is 205605 (base 8) in base 5?
4142420
Convert -168959 (base 12) to base 13.
-107a5a
Convert -52175 (base 8) to base 9.
-32602
-10bba9a (base 12) to base 5
-1312002041
What is -66576 (base 16) in base 3?
-210022000120
12272726 (base 8) to base 4
22113113112
What is 43b0374 (base 12) in base 3?
220022100121021
12332302212 (base 4) to base 2
110111110110010100110
-ab90 (base 13) to base 6
-302510
4737455 (base 9) to base 5
1124024032
What is 1011120121211 (base 3) in base 16?
97bfa
Convert 4ac2ee (base 15) to base 12.
124a738
Convert -706874 (base 9) to base 5.
-101342212
-366546 (base 8) to base 16
-1ed66
-1035064 (base 9) to base 8
-2073513
-413412 (base 12) to base 7
-11454056
What is a30028 (base 13) in base 14?
70c4bd
Convert -7322aa (base 13) to base 3.
-12001122110001
5240315 (base 10) to base 14
9a5a43
What is 146516 (base 7) in base 4?
13000313
Convert -21022022021 (base 3) to base 7.
-1136230
252a8 (base 12) to base 16
c560
Convert -23220322 (base 5) to base 10.
-210712
What is -402558 (base 9) in base 16?
-3a220
-1b001 (base 15) to base 14
-23d9d
5c30bd (base 14) to base 6
151410423
Convert -4b59a8 (base 13) to base 11.
-1028411
What is 21003100 (base 4) in base 8?
110320
What is -44151 (base 13) in base 5?
-12421032
What is -1113231233 (base 4) in base 16?
-57b6f
-37da9 (base 14) to base 13
-4a573
Convert -290049 (base 10) to base 15.
-5ae19
Convert -1f4c16 (base 16) to base 5.
-1011113334
What is -3722472 (base 8) in base 7?
-11500216
Convert -1cd (base 14) to base 12.
-275
100000110001110010111010 (base 2) to base 9
17145710
-2132113022 (base 4) to base 9
-1187702
What is -1120010211020 (base 3) in base 6?
-25440053
-10405c4 (base 13) to base 9
-10262205
18425700 (base 9) to base 16
8db95b
Convert -2ddd94 (base 14) to base 15.
-21d0a6
Convert 161628 (base 11) to base 16.
3d468
Convert 11010111110010101110 (base 2) to base 7.
10340633
Convert 1404004 (base 7) to base 10.
186253
Convert -20112210212 (base 3) to base 7.
-1044533
What is 41017543 (base 8) in base 4?
201001331203
-30332020312 (base 4) to base 15
-472731
What is -29c4b (base 16) in base 13?
-5cb43
Convert a6b5 (base 12) to base 7.
104204
1357110 (base 8) to base 15
78e3e
-393275 (base 10) to base 6
-12232415
Convert 7a343 (base 13) to base 16.
364fb
Convert 61f77 (base 16) to base 3.
202101102220
4145252 (base 9) to base 14
41927d
Convert 13310020100 (base 4) to base 15.
2a6e88
32932 (base 12) to base 2
10000010110110110
Convert 215737 (base 9) to base 12.
62721
36367b (base 16) to base 14
686add
Convert -240455 (base 7) to base 15.
-cd1e
35735013 (base 8) to base 15
a4ece1
Convert 251621 (base 8) to base 12.
42381
-120200020220 (base 3) to base 15
-61653
Convert -172607 (base 8) to base 5.
-4002410
What is -34325515 (base 6) in base 11?
-65a66a
2502148 (base 11) to base 8
20462354
22030110021 (base 4) to base 12
a8a289
What is 351421121 (base 6) in base 7?
106261153
-a391670 (base 11) to base 6
-1452533242
Convert 59c083 (base 15) to base 4.
100120020003
What is 1bab3 (base 12) in base 13?
15a65
Convert 55433102 (base 6) to base 15.
22e628
Convert 2021013301 (base 4) to base 6.
20012121
Convert -12314234 (base 5) to base 12.
-594b4
-118547 (base 13) to base 5
-101341314
What is -514154 (base 7) in base 3?
-11110120102
9c50d (base 15) to base 12
1bb927
What is -2120020130 (base 4) in base 8?
-2301034
Convert -a5850 (base 11) to base 15.
-309c8
Convert 100000111000110011011011 (base 2) to base 8.
40706333
Convert -5415552 (base 7) to base 12.
-279a53
Convert 16338 (base 13) to base 9.
64016
-61040c (base 14) to base 6
-154001032
Convert -534166 (base 11) to base 5.
-204322240
Convert 5314043 (base 8) to base 3.
2122220021221
What is -1046331 (base 8) in base 13?
-9b373
Convert -838876 (base 9) to base 7.
-4144500
Convert b1bab1 (base 14) to base 15.
7d3cd9
What is -86692 (base 15) in base 6?
-13051345
-3289 (base 13) to base 15
-2147
Convert 33002322333 (base 4) to base 12.
13a2593
6524333 (base 7) to base 15
10adee
Convert 24fd4 (base 16) to base 13.
53c66
What is -3267332 (base 9) in base 15?
-24a992
Convert -26411 (base 10) to base 2.
-110011100101011
What is -728882 (base 11) in base 2?
-100011101001111011001
Convert -8608545 (base 9) to base 16.
-466004
Convert 13670400 (base 8) to base 16.
2f7100
-4333103 (base 7) to base 11
-331743
Convert -1116ca0 (base 13) to base 3.
-100212022200021
-449728 (base 10) to base 7
-3552106
Convert -172422a (base 11) to base 4.
-23030100212
What is 14157a4 (base 11) in base 9?
4525303
What is -1346b4 (base 12) in base 3?
-121012112001
What is -23325001 (base 6) in base 7?
-6115033
Convert -50688 (base 10) to base 8.
-143000
Convert -214b6 (base 12) to base 11.
-2aaa2
-273785a (base 12) to base 6
-434541354
What is 2396689 (base 13) in base 4?
222013002013
What is -4474277 (base 8) in base 11?
-757569
What is 18b561 (base 16) in base 9?
3037228
What is -400a87 (base 13) in base 11?
-926204
-5035372 (base 8) to base 2
-101000011101011111010
What is -3aa66 (base 15) in base 12?
-90943
-94257c (base 14) to base 7
-60335115
-3a45b (base 12) to base 15
-18b25
Convert 5a14b3 (base 12) to base 15.
1dac09
What is -205184 (base 12) in base 3?
-221201212001
-55403431 (base 7) to base 11
-2771116
Convert 6517b2 (base 12) to base 3.
10000021011022
121233 (base 8) to base 2
1010001010011011
Convert 2dbac5 (base 16) to base 4.
23123223011
What is -2344344442 (base 5) in base 14?
-a23bb8
What is -155867 (base 13) in base 11?
-32a645
What is -117251a (base 11) in base 13?
-564a60
Convert 53605264 (base 7) to base 13.
c41842
What is -531044 (base 6) in base 10?
-43012
11100100011110100 (base 2) to base 7
665023
Convert -7165 (base 11) to base 5.
-301014
Convert -b39a2 (base 16) to base 8.
-2634642
Convert 5332f4 (base 16) to base 6.
312511112
Convert 11011101001011 (base 2) to base 4.
3131023
What is -14115460 (base 8) in base 10?
-3185456
Convert -95963 (base 12) to base 16.
-3001b
-280fd (base 16) to base 6
-3303405
What is -82016 (base 16) in base 8?
-2020026
Convert -53819a (base 12) to base 6.
-44145114
1313110103 (base 4) to base 7
4103564
3670230 (base 8) to base 10
1011864
-18aa0 (base 15) to base 5
-10030100
-111011101001111100001 (base 2) to base 4
-13131033201
Convert -65d2b5 (base 15) to base 3.
-100010121020222
-112534 (base 9) to base 14
-1a85a
Convert 322622 (base 8) to base 13.
3a179
Convert 1202002201201 (base 3) to base 12.
388617
What is b3144 (base 12) in base 14?
6112c
-17896 (base 10) to base 8
-42750
1060537 (base 8) to base 12
11a167
Convert 104064 (base 7) to base 16.
4731
Convert 3a276a8 (base 11) to base 10.
6964636
Convert -11220303 (base 5) to base 7.
-601263
13124100 (base 5) to base 11
89661
What is 21100010000 (base 3) in base 2?
100011010000100111
13399a (base 12) to base 5
40131023
Convert 72678 (base 12) to base 9.
247142
What is -5545301 (base 8) in base 11?
-930267
What is 11020111210122 (base 3) in base 14?
429587
What is -4017a2 (base 15) in base 6?
-145114042
What is 1100010000100101101 (base 2) in base 10?
401709
What is -363aa (base 11) in base 12?
-263a0
274899 (base 10) to base 5
32244044
1989412 (base 10) to base 3
10202001221221
Convert -1127a (base 14) to base 13.
-15c68
Convert -796984 (base 10) to base 4.
-3002210320
-132003102220 (base 4) to base 9
-15736271
2101211000010 (base 3) to base 12
516349
Convert 33333311220 (base 4) to base 5.
2033144030
What is -233203113120 (base 4) in base 8?
-57432730
Convert -1120201213 (base 5) to base 10.
-2506433
Convert -2216860 (base 11) to base 5.
-1443421020
What is -31208 (base 13) in base 12?
-43082
Convert -778652 (base 10) to base 9.
-1416088
What is -4680b7 (base 14) in base 11?
-13a20a9
1050124 (base 6) to base 8
147704
What is -223715 (base 8) in base 16?
-127cd
6800066 (base 10) to